et u be r(-7). Suppose -v + 4*v + 285 = 4*i, i = 2*v + u. Calculate the highest common divisor of 18 and i.
18
Suppose 2*l + 10 = 7*l. Let y be (2/7)/(l/14). Suppose 2 = -3*g - y*w, -g - 4*w - 14 = -0*g. Calculate the greatest common factor of g and 14.
2
Let y be 57 - (2*-1 + 3). Let t(w) = 10*w**2 + 6*w + 4. Let v be t(-4). What is the greatest common factor of v and y?
28
Suppose f - 7 - 1 = 0. Suppose 4*y - 29 = 27. Let j be (-4)/y - (-452)/14. What is the greatest common factor of f and j?
8
Suppose a - 48 = -3*a. Let l be (80 - -2) + 4/2. Calculate the highest common divisor of a and l.
12
Let d = 6 + 1. Suppose 3 = 2*b - 3. Suppose -5*g + 4 + 7 = z, -10 = -4*z - b*g. Calculate the highest common divisor of z and d.
1
Let n be (-4)/2 - (-1 - 10). Let c be (-4)/(-10) - (-84)/15. What is the greatest common factor of c and n?
3
Suppose 0 = -m - 3*m + 4. Calculate the highest common factor of m and 3.
1
Let m = 117 - -27. Let z(l) = l**3 - l**2 + 18. Let u be z(0). Calculate the greatest common factor of u and m.
18
Let j be 0 - 6/2 - -30. Suppose 2*b = 8, j = 3*t - b + 10. Calculate the highest common divisor of t and 21.
7
Let u(q) = -q**3 - 13*q**2 + q - 27. Let d be u(-14). Calculate the highest common divisor of d and 31.
31
Let d(q) = 3 + 3*q**2 - 1 + 3*q - 4*q**2 - q**3 - 3. Let m be d(-3). What is the highest common divisor of 64 and m?
8
Suppose 0*f = 4*l + f - 128, -70 = -2*l + f. What is the greatest common factor of 55 and l?
11
Let d be (-16)/6 + 7/(-21). Let y(p) = -2*p + 5. Let u be y(d). Calculate the greatest common factor of 22 and u.
11
Let v be 56/21*(-9)/(-2). Let y(h) = 23*h + 1. Let d = -1 - -2. Let n be y(d). What is the greatest common divisor of v and n?
12
Let k(v) = 1 - 4 + 3*v + 7 - 2. Let c be k(1). Calculate the greatest common factor of 20 and c.
5
Let c = 4 + -9. Let h = c - -18. Let b = -113 - -204. Calculate the highest common divisor of h and b.
13
Suppose -5*z - 720 = 6*b - b, 0 = -2*b - z - 289. Let g = -101 - b. Let d be (-4)/(2*(-1)/2). Calculate the greatest common factor of d and g.
4
Let s = 4 + -1. Suppose -o = -s*n + 2*o + 210, -226 = -3*n - 5*o. What is the greatest common factor of 9 and n?
9
Let w(m) = -13*m - 16. Let f be w(-8). Calculate the greatest common factor of 11 and f.
11
Let h = 34 - 7. Suppose 3*k + l - 5*l = 21, 5*l = -4*k - 3. Calculate the greatest common divisor of h and k.
3
Let f(p) = p**2 + p + 5. Let h be f(0). Suppose 3*g = h*g - 96. Calculate the highest common factor of g and 120.
24
Let x(d) = d**3 - 7*d**2 + 2. Let f be x(7). Calculate the highest common factor of f and 8.
2
Let j be 64/(-6)*6*(-6)/16. Calculate the highest common divisor of 96 and j.
24
Suppose x - k - 2 - 2 = 0, 3*x + 20 = -5*k. Let z be (1 - 2) + x + 57. What is the highest common factor of 7 and z?
7
Let c = -34 + 50. Calculate the greatest common divisor of c and 2.
2
Suppose -2*l = -u + 31 - 127, -4*u + 122 = 3*l. Calculate the greatest common divisor of 115 and l.
23
Let j be 6/(-9) + (-116)/(-3). Let u be (3 + j)*(0 + 1). Suppose 3*l + 4*m - u = 0, l - 4*m - 36 = -3*l. Calculate the highest common divisor of l and 22.
11
Let t(w) = 8*w. Let g be t(4). Let f(x) = -x**3 - 6*x**2 - 6*x + 3. Let c be f(-5). Calculate the greatest common divisor of c and g.
8
Let v = 3 - -14. What is the greatest common divisor of v and 17?
17
Let y(k) = -k**2 + 14*k - 13. Let o be y(12). Suppose 5*v + 129 + o = 5*b, 0 = -2*v. What is the highest common divisor of 70 and b?
14
Suppose 3*h - 11 = 25. What is the greatest common factor of h and 24?
12
Let b = 64 + -52. Calculate the greatest common factor of 108 and b.
12
Let c(a) = a**2 - a + 10. Suppose -3*z + 3*o + 15 = 0, 0 = 2*z - 3*o - 15. Let q be c(z). What is the highest common factor of q and 2?
2
Let t(g) = -3*g**2 + 3*g**2 - g + 0*g**3 + 3*g**3. Let u be t(1). What is the highest common divisor of u and 16?
2
Let q be (1 - (-6)/(-14))*49/14. What is the highest common factor of q and 3?
1
Let l = 14 - 8. Suppose u = 0, -2*r = -l*r - u + 40. What is the greatest common divisor of 90 and r?
10
Suppose 7*p + 84 = 9*p. Calculate the highest common factor of 6 and p.
6
Let j(s) = -15*s. Let l be j(-3). Calculate the greatest common factor of l and 5.
5
Suppose -k + 2*r = -2*k + 9, -3*k = r - 17. Suppose -3 = -2*x + 1, -y + k*x = -32. Suppose -3*d + 30 = 2*d. What is the highest common divisor of d and y?
6
Let m(y) = y**3 + 17*y**2 - 21*y - 8. Let n be m(-18). Calculate the greatest common divisor of 230 and n.
46
Let n(t) be the third derivative of 0*t + 1/20*t**5 - t**2 + 0 + 1/8*t**4 - 1/6*t**3. Let a be n(2). What is the greatest common factor of 17 and a?
17
Suppose 0 = 5*u - 2*p - 35 + 5, 0 = u - p - 6. What is the greatest common divisor of u and 12?
6
Let d = -76 + 80. Calculate the highest common divisor of d and 1.
1
Let a be (-56)/40 - 3/5. Let v be -1 + a - -7*3. What is the highest common factor of 126 and v?
18
Let d = -17 + -3. Let m = -10 - d. What is the greatest common divisor of m and 50?
10
Suppose 0 = -5*g + 156 + 4. Calculate the greatest common divisor of g and 80.
16
Suppose -45 = -s - m, -s - 3*m + 17 + 30 = 0. Calculate the highest common factor of 22 and s.
22
Let u be (9 + 3/1)*(-6 - -18). Calculate the greatest common factor of u and 18.
18
Suppose -3*t = -t - 8. What is the greatest common divisor of t and 4?
4
Let f be ((-5)/((-1 - -1) + -1))/1. What is the greatest common divisor of f and 20?
5
Let o be (-2)/(3 + (-30)/9). Calculate the highest common factor of 54 and o.
6
Let o(x) be the third derivative of x**6/120 + 6*x**3 + x**2. Let m be o(0). Suppose -m = -5*r + 2*r. Calculate the greatest common factor of 132 and r.
12
Let i be (0 - (-2)/(-1)) + 2. Suppose 0 = -i*z + 5*z - 550. What is the greatest common factor of 10 and z?
10
Suppose 4*p - 2*c = 3*c + 77, 4*p - 4*c = 72. Suppose -l = -5*l + 468. Calculate the greatest common factor of l and p.
13
Let x(s) = -s**3 - 3*s**2 - 4*s - 2. Let h be x(-2). Suppose -2 = 4*k - 6*k. Calculate the highest common divisor of h and k.
1
Suppose -2*g + 660 = g. Let s = g - 85. Suppose -5*l + 375 - s = 0. What is the highest common factor of 8 and l?
8
Let x(s) = 15*s. Let v be x(4). Suppose j + v = 5*j. What is the highest common divisor of 15 and j?
15
Let j = -67 + 97. Let l be 206/14 - (-4)/14. Calculate the greatest common factor of j and l.
15
Let o(y) = 5*y**2 - 3*y - 2. Let x be o(-1). What is the greatest common factor of x and 2?
2
Let n = 60 - 36. Calculate the greatest common factor of n and 60.
12
Let v = 67 - 47. Calculate the highest common factor of v and 8.
4
Let c(j) = -j**3 + 8*j**2 - 7*j + 1. Let u be c(7). Let m(v) = 15*v**2 + v. Let b be m(u). Calculate the greatest common divisor of b and 48.
16
Suppose 0 = n - 3*n + 12. Suppose 4*t + 32 = 4*m, -2*m + t - n*t + 44 = 0. What is the greatest common factor of 8 and m?
4
Let l be (-53)/(-5) + (-20)/(-50). What is the greatest common divisor of l and 99?
11
Suppose 0*k + 541 = 5*k + 4*g, 2*k - 5*g - 190 = 0. Let b be 9*((-42)/27)/((-8)/12). What is the greatest common divisor of k and b?
21
Suppose -g + 2*g - 64 = 0. Calculate the greatest common factor of g and 8.
8
Suppose 21*n - 198 = 18*n. What is the highest common divisor of n and 6?
6
Suppose h - 28 = 8. Calculate the highest common factor of h and 54.
18
Let y be 3/12 - (-189)/12. Suppose 3*x + x - y = 0. Suppose x*c + 1 = 25. What is the greatest common divisor of 6 and c?
6
Suppose 0 = -i - i. Suppose i*q - 2*q = -4*o + 36, -q + 26 = 2*o. Suppose 4*d = h + 98, 4*h - o = -2*d + 29. What is the highest common factor of 16 and d?
8
Suppose 7*k = 2*k + 150. Calculate the greatest common factor of 10 and k.
10
Let v = 252 - 120. Let h(x) = 2*x**2 + 3*x - 8. Let m be h(-6). Suppose -4*o - m + 6 = -3*y, -4*y + 43 = 5*o. What is the highest common factor of y and v?
12
Suppose 3*l - 5 = v - 2*l, 4*v = 4*l - 4. Suppose 5*x + 304 - 934 = v. What is the greatest common divisor of 14 and x?
14
Let f be 6*-1*(6 + -8). Suppose 0 = -4*q + f + 8. What is the highest common factor of q and 55?
5
Suppose -5*b + 3*v + 0*v + 32 = 0, -3*v = -3. Calculate the highest common factor of b and 35.
7
Suppose -3*m - 3*m = -108. Suppose -3*v + 6 = -m. Let u = 3 + 1. What is the highe